(((-125)/(-15) + -6)*-6)/((-18)/75087)?
3, 7, 103
Suppose 0 = d - 5*d + 8, -1766 = -4*w - d. Suppose -g + 53 = 5*b, 18*g = b + 23*g - 1. Suppose b*p - 14*p = -w. What are the prime factors of p?
3, 7
Suppose -48*h - 23698 = -50*h. List the prime factors of h.
17, 41
Let f(o) = -3*o**2 - 5*o - 1. Let d(h) = -h**2 + h - 1. Let j(i) = 2*d(i) - f(i). List the prime factors of j(9).
11, 13
Suppose -9*i - 61976 = -5*c, i + i = 2*c - 24784. List the prime factors of c.
2, 19, 163
Suppose -5*y - 18 = -14*y. Suppose 0 = 2*s + y*f - 722, -2*s - f + 716 = 3*f. List the prime factors of s.
2, 7, 13
Suppose g - 4*g - 150 = 0. Let a = -46 - g. Suppose 0 = 3*t + 4*i - 68, 3*i = 2*t + a*i - 52. List the prime factors of t.
2, 7
Let a be (-15 - (-12)/6)/(1*-1). Suppose -2*i = -5*s + 2327, -a*s + 16*s + 2*i = 1393. What are the prime factors of s?
3, 5, 31
Suppose 0 = -3*x + 6, -4*x + 38 = 4*o - 3*x. Suppose -2*l + 13 = -o. Suppose l*p = -2*p + 403. List the prime factors of p.
31
Suppose o = 4*o + 171. Let f = o + 58. List the prime factors of (((-35)/5)/(-14))/(f/128).
2
What are the prime factors of (108920/(-210))/((-3)/153*2)?
2, 17, 389
Let p(i) be the first derivative of i**4/4 + 3*i**2/2 + 4*i + 4. Suppose 5*g - 95 = -14*g. What are the prime factors of p(g)?
2, 3
Let g(s) = -28*s - 5. Let x be g(-5). Let c be 4/9*22464/128. Let o = x - c. What are the prime factors of o?
3, 19
Suppose 32*q - 3152012 = -39*q + 80121. What are the prime factors of q?
45523
Suppose -3*a = 2*c - 204, 5*c + 4*a + 272 = 8*c. What are the prime factors of (-1)/(-6) - (-49616)/c?
11, 47
Let m = -2347 + 2365. What are the prime factors of m?
2, 3
Let k(d) be the first derivative of 19*d**3 + 2*d**2 + 4*d - 37. What are the prime factors of k(-1)?
3, 19
Suppose -745*n - 49076 = -749*n - 2*d, 3*n - 36846 = 5*d. What are the prime factors of n?
2, 13, 59
Suppose 3*i = -12, 3*m - 35*i - 7562 = -30*i. Suppose 0 = 3*w + 2*n - 5317, -w = 4*n - m + 745. List the prime factors of w.
3, 197
Let g be ((-2)/4)/(-5 - (-232)/48). Suppose 1440 = g*i - i. Suppose 100*j - 105*j = -i. What are the prime factors of j?
2, 3
List the prime factors of 224/(-16) - -16 - (-1 - 2167).
2, 5, 7, 31
Let x be ((-8988)/35)/((-12)/30). Suppose -3*y = -2*o + 38 + x, 3*o - 4*y - 1018 = 0. List the prime factors of o.
2, 167
Suppose 2*t + t = 6*t. Suppose t*q - 2 = 2*q, w + 30 = 4*q. Let m = 39 + w. List the prime factors of m.
5
Let q(g) = -g**3 - 3*g**2 - 10*g - 51. Let f be q(-4). Suppose -f*b + i + 609 + 791 = 0, 3*i = -5*b + 1400. List the prime factors of b.
2, 5, 7
What are the prime factors of (-2 - -21)/((12 - 26)/(-11326))?
19, 809
Let b(j) = -5*j + 19*j - 33*j - 37. Suppose 0 = -4*f + 5*g - 16 - 21, 14 = -2*f - 2*g. List the prime factors of b(f).
5, 23
Let z = 764 + -193. Suppose -13*t = z + 573. Let o = t + 124. List the prime factors of o.
2, 3
Let d(b) = b**2 - 6*b - 9. Let u be d(-3). Let s be (0 - u/4)*762/(-9). Suppose 3*p + 0*p - s = 0. What are the prime factors of p?
127
Let r(q) = 283*q + 21. Let n = -387 + 392. List the prime factors of r(n).
2, 359
List the prime factors of 1 - 10/50*-59135.
2, 2957
Suppose -2395*q + 2409*q + 1078 = 0. Suppose 4*w + 217 + 55 = 0. Let g = w - q. What are the prime factors of g?
3
Let j(m) = 137*m**2 + 9*m - 4. Let g be j(3). Suppose 10*p - 14*p + g = 0. List the prime factors of p.
2, 157
Suppose 6112 = n + 17*h - 21*h, 3*h = -4*n + 24562. What are the prime factors of n?
2, 13, 59
Let b(v) = 3*v**2 - 44*v + 255. Let x be b(6). Suppose 5*q = 3*h - 1089, 0 = 4*q - 0*q. Suppose 7*a - h = x. List the prime factors of a.
2, 3, 11
Let t = 1656 - -22941. What are the prime factors of t?
3, 911
Let p(f) = 8*f - 29. Let d(h) = -16*h + 57. Let x(v) = 2*d(v) + 5*p(v). Let b be x(3). What are the prime factors of 1/b - (-2105)/35?
2, 3, 5
List the prime factors of ((-18)/(-2))/((-408)/(-68))*11810.
3, 5, 1181
Suppose 3*b = 18*b + 24*b - 632424. What are the prime factors of b?
2, 2027
Let z = 342 + -222. Suppose -582 = -6*d - z. What are the prime factors of d?
7, 11
Suppose 2552694 - 505114 = 74*d. What are the prime factors of d?
2, 5, 2767
Suppose -14*s + 87832 = -38560. List the prime factors of s.
2, 37, 61
Let w be 1508/(-18) + -6*7/189. What are the prime factors of w/24*(-96)/3?
2, 7
Suppose -8139 - 4119 = -j. What are the prime factors of j?
2, 3, 227
Suppose 49*x + 6402240 = 76*x + 144*x. List the prime factors of x.
2, 3, 5, 13
Let z = 42 - 55. Let s(i) = i**3 + 13*i**2 - 2*i + 4. Let b be s(z). Let r = 32 - b. What are the prime factors of r?
2
What are the prime factors of 23/((-782)/(-422297)) + (-3)/(-2)?
2, 6211
Let v = 46 + -45. Let u(f) = 13*f**3 + f**2 + 1. Let t be u(v). List the prime factors of (16/(-10))/(t/(-750)).
2, 5
Suppose 0 = -14*w + 26*w + 20400. Let b = -535 - w. What are the prime factors of b?
5, 233
Let p be -20*-2*2/16. Suppose p*y + 141 = 1. Let v = 31 + y. List the prime factors of v.
3
Let v = -7096 - -10215. What are the prime factors of v?
3119
List the prime factors of ((-252)/441)/(4/(-54726)).
2, 3, 1303
Let g(k) = 6*k**3 - k. Let c be g(1). Suppose c*p = -2*f + f + 3725, 0 = 5*p - 3*f - 3705. What are the prime factors of p?
2, 3, 31
Let r = 48 + 340. Let w = -173 + r. What are the prime factors of w?
5, 43
List the prime factors of (-2 + -3 - -4)/((-5)/42710).
2, 4271
Suppose -83*b = -73*b - 74430. Suppose -3*o + b = 4*p, 2*p - 2*o - 2*o = 3716. What are the prime factors of p?
2, 3, 5, 31
Let q(m) = -m**3 - 36*m**2 + 118*m + 21. Let s be q(-39). What are the prime factors of (-16131)/s + 8/(-48)?
2, 7
Let g(k) = 2*k**2 - 34*k. Let z be g(17). Suppose 0 = -c - z*p - 2*p - 82, 0 = 4*c - 3*p + 317. What are the prime factors of (-30)/20*c/3?
2, 5
Let w(j) be the third derivative of -5*j**4/4 + 125*j**3/6 + j**2 - 60. List the prime factors of w(-12).
5, 97
Let w be (2 - 3/1) + 2. Let n be (w/(1/(-47)))/1. Let u = n + 126. List the prime factors of u.
79
Let u be 2 + (-19)/(152/(-3600)). Suppose -4*q + u = -652. List the prime factors of q.
2, 3, 23
Let a(s) = s**3 - 6*s**2 + 3*s - 4. Let h be (-24)/9 + 3 + (-17)/(-3). Let j be a(h). What are the prime factors of 132/j + (-18)/42?
3
Let j = 73 + -62. Let l(x) = -30 + 3 - 3*x**2 - 8*x**2 + x**3 + 11*x. What are the prime factors of l(j)?
2, 47
Suppose 0 = -4*z - v + 7 + 7, 4*z - 6 = 3*v. Suppose 349 = 3*o + 4*x - 103, 4*o = z*x + 586. List the prime factors of o.
2, 37
Let i(c) = -155*c - 27 + 70*c - 164*c. List the prime factors of i(-4).
3, 17, 19
Let r = 43 + -35. Let l = -5 + r. Suppose -l*t - 2*t + 4*h + 85 = 0, 2*t - 17 = 5*h. What are the prime factors of t?
3, 7
Let o be ((-5)/(-10)*0)/(-3). Suppose 13*i - 7*i - 162 = o. Suppose -n + i = -21. What are the prime factors of n?
2, 3
List the prime factors of ((-17)/((-510)/3285))/(3*2/636).
3, 53, 73
Suppose -5*x - 4*l - 565 = l, -4*x - 462 = 2*l. List the prime factors of x*(-33)/(-6)*-1 - 5.
2, 7, 23
Suppose -431*o = 2*m - 434*o - 4956, -4*m + o + 9892 = 0. List the prime factors of m.
2, 3, 103
List the prime factors of 14 + (497898 - -6)/11.
2, 22639
Let o = 40 - 21. Suppose 21*w = o*w. Suppose -d + 24 = 2*t, 3*d - 4*t - 22 = -w*d. List the prime factors of d.
2, 7
Let l be 4 - (5/5 + (-2 - -2)). Suppose -3*o + 15 = 0, -l*n + 3*o + 1906 = -o. List the prime factors of n.
2, 3, 107
Suppose -4381 = -9*n + 4043. Suppose 18*k - n + 270 = 0. List the prime factors of k.
37
Let m be ((-16)/20)/((-6)/2385). Suppose 983 = 7*b + m. Suppose -8*d = -7*d - b. What are the prime factors of d?
5, 19
Suppose 5*c + 1619 = 4*p, 4*p + 389 = 5*p + 4*c. Let s = 383 + -380. Suppose p - 59 = s*g. What are the prime factors of g?
2, 3, 19
Let f be 4/(-8) + (-170)/(-4). Let m = f - 13. Suppose 0 = p - 61 - m. List the prime factors of p.
2, 3, 5
Let u(v) = 16*v**3 - 78*v**2 + 603*v + 16. List the prime factors of u(9).
10789
Let l(h) = 551*h**3 - 34*h**2 + 154*h - 40. List the prime factors of l(4).
2, 1103
Suppose 16 = 4*a + 8. Suppose a + 0 = -2*b. What are the prime factors of (-1 - (-2 + b))*(-4 + 79)?
2, 3, 5
Suppose -17 - 63 = -16*q. Suppose -321 = -q*g - 3*n + 1084, 3*n = -3*g + 843. List the prime factors of g.
281
Let i(x) = x**3 + 8*x**2 + 8*x + 13. Suppose -10*u - 96 = 2*u. Let r be i(u). Let d = 112 + r. What are the prime